{"id":6,"date":"2019-03-12T20:31:46","date_gmt":"2019-03-12T19:31:46","guid":{"rendered":"http:\/\/latelierdelaluciole.fr\/?page_id=6"},"modified":"2026-01-13T09:43:00","modified_gmt":"2026-01-13T08:43:00","slug":"accueil","status":"publish","type":"page","link":"https:\/\/latelierdelaluciole.fr\/","title":{"rendered":""},"content":{"rendered":"\n<figure class=\"wp-block-gallery has-nested-images columns-default is-cropped wp-block-gallery-1 is-layout-flex wp-block-gallery-is-layout-flex\">\n<figure class=\"wp-block-image\"><a href=\"https:\/\/latelierdelaluciole.fr\/wp-content\/uploads\/2019\/03\/CBO3651.jpg\"><img loading=\"lazy\" decoding=\"async\" width=\"1024\" height=\"683\" data-id=\"169\" src=\"https:\/\/latelierdelaluciole.fr\/wp-content\/uploads\/2019\/03\/CBO3651-1024x683.jpg\" alt=\"\" class=\"wp-image-169\" srcset=\"https:\/\/latelierdelaluciole.fr\/wp-content\/uploads\/2019\/03\/CBO3651.jpg 1024w, https:\/\/latelierdelaluciole.fr\/wp-content\/uploads\/2019\/03\/CBO3651-300x200.jpg 300w, https:\/\/latelierdelaluciole.fr\/wp-content\/uploads\/2019\/03\/CBO3651-768x512.jpg 768w\" sizes=\"auto, (max-width: 1024px) 100vw, 1024px\" \/><\/a><\/figure>\n\n\n\n<figure class=\"wp-block-image\"><a href=\"https:\/\/latelierdelaluciole.fr\/wp-content\/uploads\/2019\/03\/portrait-Luciole-2.jpg\"><img loading=\"lazy\" decoding=\"async\" width=\"1024\" height=\"768\" data-id=\"178\" src=\"https:\/\/latelierdelaluciole.fr\/wp-content\/uploads\/2019\/03\/portrait-Luciole-2-1024x768.jpg\" alt=\"\" class=\"wp-image-178\" srcset=\"https:\/\/latelierdelaluciole.fr\/wp-content\/uploads\/2019\/03\/portrait-Luciole-2-1024x768.jpg 1024w, https:\/\/latelierdelaluciole.fr\/wp-content\/uploads\/2019\/03\/portrait-Luciole-2-300x225.jpg 300w, https:\/\/latelierdelaluciole.fr\/wp-content\/uploads\/2019\/03\/portrait-Luciole-2-768x576.jpg 768w\" sizes=\"auto, (max-width: 1024px) 100vw, 1024px\" \/><\/a><\/figure>\n<\/figure>\n\n\n\n<p>Une rencontre avec la terre toute enfant,&nbsp;<br>Une naissance mexicaine, des voyages, un compagnon marocain&#8230;<\/p>\n\n\n\n<p>C\u2019est dans la terre que Lucia puise son inspiration.<\/p>\n\n\n\n<p>Dans son atelier \u00e0 Plourivo, pays de Paimpol, Lucia cr\u00e9\u00e9, fa\u00e7onne,&nbsp;<br>de petits objets en c\u00e9ramique.<\/p>\n\n\n\n<p>Form\u00e9e au dessin, au graphisme et dessin d\u2019animation \u00e0 l\u2019\u00c9cole Nationale&nbsp;des Arts D\u00e9coratifs de Paris, elle est toujours rest\u00e9e attach\u00e9e \u00e0 un mode d\u2019expression simple et authentique, et n\u2019a jamais perdu le go\u00fbt de cr\u00e9er avec la terre.<\/p>\n\n\n\n<p>Apr\u00e8s des stages dans diff\u00e9rents ateliers de c\u00e9ramistes, elle s\u2019est install\u00e9e en 2016 et peut vous recevoir dans son bel \u00ab\u00a0atelier de la luciole\u00a0\u00bb au coeur du bourg de Plourivo, \u00e0 5 minutes de Paimpol.<\/p>\n","protected":false},"excerpt":{"rendered":"<p>Une rencontre avec la terre toute enfant,&nbsp;Une naissance mexicaine, des voyages, un compagnon marocain&#8230; C\u2019est dans la terre que Lucia puise son inspiration. Dans son atelier \u00e0 Plourivo, pays de Paimpol, Lucia cr\u00e9\u00e9, fa\u00e7onne,&nbsp;de petits objets en c\u00e9ramique. &hellip; <\/p>\n<div class=\"more-link-wrapper\"><a href=\"https:\/\/latelierdelaluciole.fr\/\" class=\"more-link\">Continue reading<span class=\"screen-reader-text\"> \u00ab\u00a0\u00a0\u00bb<\/span><\/a><\/div>\n","protected":false},"author":1,"featured_media":0,"parent":0,"menu_order":0,"comment_status":"closed","ping_status":"closed","template":"","meta":{"footnotes":""},"class_list":["post-6","page","type-page","status-publish","hentry"],"yoast_head":"<!-- This site is optimized with the Yoast SEO plugin v27.4 - https:\/\/yoast.com\/product\/yoast-seo-wordpress\/ -->\n<title>- L&#039;atelier de la luciole-Lucia Diaz<\/title>\n<meta name=\"robots\" content=\"index, follow, max-snippet:-1, max-image-preview:large, max-video-preview:-1\" \/>\n<link rel=\"canonical\" href=\"https:\/\/latelierdelaluciole.fr\/\" \/>\n<meta property=\"og:locale\" content=\"fr_FR\" \/>\n<meta property=\"og:type\" content=\"article\" \/>\n<meta property=\"og:title\" content=\"- L&#039;atelier de la luciole-Lucia Diaz\" \/>\n<meta property=\"og:description\" content=\"Une rencontre avec la terre toute enfant,&nbsp;Une naissance mexicaine, des voyages, un compagnon marocain&#8230; C\u2019est dans la terre que Lucia puise son inspiration. Dans son atelier \u00e0 Plourivo, pays de Paimpol, Lucia cr\u00e9\u00e9, fa\u00e7onne,&nbsp;de petits objets en c\u00e9ramique. &hellip; Continue reading &quot;&quot;\" \/>\n<meta property=\"og:url\" content=\"https:\/\/latelierdelaluciole.fr\/\" \/>\n<meta property=\"og:site_name\" content=\"L&#039;atelier de la luciole-Lucia Diaz\" \/>\n<meta property=\"article:modified_time\" content=\"2026-01-13T08:43:00+00:00\" \/>\n<meta property=\"og:image\" content=\"https:\/\/latelierdelaluciole.fr\/wp-content\/uploads\/2019\/03\/CBO3651.jpg\" \/>\n\t<meta property=\"og:image:width\" content=\"1024\" \/>\n\t<meta property=\"og:image:height\" content=\"683\" \/>\n\t<meta property=\"og:image:type\" content=\"image\/jpeg\" \/>\n<meta name=\"twitter:card\" content=\"summary_large_image\" \/>\n<meta name=\"twitter:label1\" content=\"Dur\u00e9e de lecture estim\u00e9e\" \/>\n\t<meta name=\"twitter:data1\" content=\"7 minutes\" \/>\n<script type=\"application\/ld+json\" class=\"yoast-schema-graph\">{\"@context\":\"https:\\\/\\\/schema.org\",\"@graph\":[{\"@type\":\"WebPage\",\"@id\":\"https:\\\/\\\/latelierdelaluciole.fr\\\/\",\"url\":\"https:\\\/\\\/latelierdelaluciole.fr\\\/\",\"name\":\"- L&#039;atelier de la luciole-Lucia Diaz\",\"isPartOf\":{\"@id\":\"https:\\\/\\\/latelierdelaluciole.fr\\\/#website\"},\"primaryImageOfPage\":{\"@id\":\"https:\\\/\\\/latelierdelaluciole.fr\\\/#primaryimage\"},\"image\":{\"@id\":\"https:\\\/\\\/latelierdelaluciole.fr\\\/#primaryimage\"},\"thumbnailUrl\":\"https:\\\/\\\/latelierdelaluciole.fr\\\/wp-content\\\/uploads\\\/2019\\\/03\\\/CBO3651-1024x683.jpg\",\"datePublished\":\"2019-03-12T19:31:46+00:00\",\"dateModified\":\"2026-01-13T08:43:00+00:00\",\"inLanguage\":\"fr-FR\",\"potentialAction\":[{\"@type\":\"ReadAction\",\"target\":[\"https:\\\/\\\/latelierdelaluciole.fr\\\/\"]}]},{\"@type\":\"ImageObject\",\"inLanguage\":\"fr-FR\",\"@id\":\"https:\\\/\\\/latelierdelaluciole.fr\\\/#primaryimage\",\"url\":\"https:\\\/\\\/latelierdelaluciole.fr\\\/wp-content\\\/uploads\\\/2019\\\/03\\\/CBO3651.jpg\",\"contentUrl\":\"https:\\\/\\\/latelierdelaluciole.fr\\\/wp-content\\\/uploads\\\/2019\\\/03\\\/CBO3651.jpg\",\"width\":1024,\"height\":683},{\"@type\":\"WebSite\",\"@id\":\"https:\\\/\\\/latelierdelaluciole.fr\\\/#website\",\"url\":\"https:\\\/\\\/latelierdelaluciole.fr\\\/\",\"name\":\"L&#039;atelier de la luciole-Lucia Diaz\",\"description\":\"\",\"potentialAction\":[{\"@type\":\"SearchAction\",\"target\":{\"@type\":\"EntryPoint\",\"urlTemplate\":\"https:\\\/\\\/latelierdelaluciole.fr\\\/?s={search_term_string}\"},\"query-input\":{\"@type\":\"PropertyValueSpecification\",\"valueRequired\":true,\"valueName\":\"search_term_string\"}}],\"inLanguage\":\"fr-FR\"}]}<\/script>\n<!-- \/ Yoast SEO plugin. -->","yoast_head_json":{"title":"- L&#039;atelier de la luciole-Lucia Diaz","robots":{"index":"index","follow":"follow","max-snippet":"max-snippet:-1","max-image-preview":"max-image-preview:large","max-video-preview":"max-video-preview:-1"},"canonical":"https:\/\/latelierdelaluciole.fr\/","og_locale":"fr_FR","og_type":"article","og_title":"- L&#039;atelier de la luciole-Lucia Diaz","og_description":"Une rencontre avec la terre toute enfant,&nbsp;Une naissance mexicaine, des voyages, un compagnon marocain&#8230; C\u2019est dans la terre que Lucia puise son inspiration. Dans son atelier \u00e0 Plourivo, pays de Paimpol, Lucia cr\u00e9\u00e9, fa\u00e7onne,&nbsp;de petits objets en c\u00e9ramique. &hellip; Continue reading \"\"","og_url":"https:\/\/latelierdelaluciole.fr\/","og_site_name":"L&#039;atelier de la luciole-Lucia Diaz","article_modified_time":"2026-01-13T08:43:00+00:00","og_image":[{"width":1024,"height":683,"url":"https:\/\/latelierdelaluciole.fr\/wp-content\/uploads\/2019\/03\/CBO3651.jpg","type":"image\/jpeg"}],"twitter_card":"summary_large_image","twitter_misc":{"Dur\u00e9e de lecture estim\u00e9e":"7 minutes"},"schema":{"@context":"https:\/\/schema.org","@graph":[{"@type":"WebPage","@id":"https:\/\/latelierdelaluciole.fr\/","url":"https:\/\/latelierdelaluciole.fr\/","name":"- L&#039;atelier de la luciole-Lucia Diaz","isPartOf":{"@id":"https:\/\/latelierdelaluciole.fr\/#website"},"primaryImageOfPage":{"@id":"https:\/\/latelierdelaluciole.fr\/#primaryimage"},"image":{"@id":"https:\/\/latelierdelaluciole.fr\/#primaryimage"},"thumbnailUrl":"https:\/\/latelierdelaluciole.fr\/wp-content\/uploads\/2019\/03\/CBO3651-1024x683.jpg","datePublished":"2019-03-12T19:31:46+00:00","dateModified":"2026-01-13T08:43:00+00:00","inLanguage":"fr-FR","potentialAction":[{"@type":"ReadAction","target":["https:\/\/latelierdelaluciole.fr\/"]}]},{"@type":"ImageObject","inLanguage":"fr-FR","@id":"https:\/\/latelierdelaluciole.fr\/#primaryimage","url":"https:\/\/latelierdelaluciole.fr\/wp-content\/uploads\/2019\/03\/CBO3651.jpg","contentUrl":"https:\/\/latelierdelaluciole.fr\/wp-content\/uploads\/2019\/03\/CBO3651.jpg","width":1024,"height":683},{"@type":"WebSite","@id":"https:\/\/latelierdelaluciole.fr\/#website","url":"https:\/\/latelierdelaluciole.fr\/","name":"L&#039;atelier de la luciole-Lucia Diaz","description":"","potentialAction":[{"@type":"SearchAction","target":{"@type":"EntryPoint","urlTemplate":"https:\/\/latelierdelaluciole.fr\/?s={search_term_string}"},"query-input":{"@type":"PropertyValueSpecification","valueRequired":true,"valueName":"search_term_string"}}],"inLanguage":"fr-FR"}]}},"_links":{"self":[{"href":"https:\/\/latelierdelaluciole.fr\/index.php\/wp-json\/wp\/v2\/pages\/6","targetHints":{"allow":["GET"]}}],"collection":[{"href":"https:\/\/latelierdelaluciole.fr\/index.php\/wp-json\/wp\/v2\/pages"}],"about":[{"href":"https:\/\/latelierdelaluciole.fr\/index.php\/wp-json\/wp\/v2\/types\/page"}],"author":[{"embeddable":true,"href":"https:\/\/latelierdelaluciole.fr\/index.php\/wp-json\/wp\/v2\/users\/1"}],"replies":[{"embeddable":true,"href":"https:\/\/latelierdelaluciole.fr\/index.php\/wp-json\/wp\/v2\/comments?post=6"}],"version-history":[{"count":159,"href":"https:\/\/latelierdelaluciole.fr\/index.php\/wp-json\/wp\/v2\/pages\/6\/revisions"}],"predecessor-version":[{"id":7878,"href":"https:\/\/latelierdelaluciole.fr\/index.php\/wp-json\/wp\/v2\/pages\/6\/revisions\/7878"}],"wp:attachment":[{"href":"https:\/\/latelierdelaluciole.fr\/index.php\/wp-json\/wp\/v2\/media?parent=6"}],"curies":[{"name":"wp","href":"https:\/\/api.w.org\/{rel}","templated":true}]}}