{"id":12,"date":"2019-03-12T20:33:18","date_gmt":"2019-03-12T19:33:18","guid":{"rendered":"http:\/\/latelierdelaluciole.fr\/?page_id=12"},"modified":"2021-04-25T14:44:36","modified_gmt":"2021-04-25T12:44:36","slug":"a-quatre-mains-a-six-mains-en-famille","status":"publish","type":"page","link":"https:\/\/latelierdelaluciole.fr\/index.php\/a-quatre-mains-a-six-mains-en-famille\/","title":{"rendered":"En famille!"},"content":{"rendered":"\n<p>\u00c0 chaque vacances je propose des ateliers d\u2019expression artistique. De petits stages de deux apr\u00e8s-midi o\u00f9 l\u2019on pratique les Arts Plastiques en Famille ! <br>Objets en terre ou en papier m\u00e2ch\u00e9, dessin en linogravure ou \u00e0 l\u2019aquarelle&#8230; chaque stage aborde une technique particuli\u00e8re.&nbsp;<br>Adultes et enfants participent, font ensemble ou pas, une pi\u00e8ce \u00e0 plusieurs ou chacun ses propres cr\u00e9ations&#8230;<\/p>\n\n\n\n<ul class=\"wp-block-gallery columns-2 is-cropped wp-block-gallery-1 is-layout-flex wp-block-gallery-is-layout-flex\"><li class=\"blocks-gallery-item\"><figure><a href=\"https:\/\/latelierdelaluciole.fr\/wp-content\/uploads\/2019\/03\/IMG_2206.jpg\" data-src=\"https:\/\/latelierdelaluciole.fr\/wp-content\/uploads\/2019\/03\/IMG_2206.jpg\" data-thumb=\"https:\/\/latelierdelaluciole.fr\/wp-content\/uploads\/2019\/03\/IMG_2206-1024x1024.jpg\" class=\"ml-lightbox-enabled\"><img loading=\"lazy\" decoding=\"async\" width=\"1024\" height=\"1024\" src=\"https:\/\/latelierdelaluciole.fr\/wp-content\/uploads\/2019\/03\/IMG_2206-1024x1024.jpg\" alt=\"\" data-id=\"108\" data-link=\"https:\/\/latelierdelaluciole.fr\/index.php\/a-quatre-mains-a-six-mains-en-famille\/img_2206\/\" class=\"wp-image-108\" srcset=\"https:\/\/latelierdelaluciole.fr\/wp-content\/uploads\/2019\/03\/IMG_2206-1024x1024.jpg 1024w, https:\/\/latelierdelaluciole.fr\/wp-content\/uploads\/2019\/03\/IMG_2206-150x150.jpg 150w, https:\/\/latelierdelaluciole.fr\/wp-content\/uploads\/2019\/03\/IMG_2206-300x300.jpg 300w, https:\/\/latelierdelaluciole.fr\/wp-content\/uploads\/2019\/03\/IMG_2206-768x768.jpg 768w, https:\/\/latelierdelaluciole.fr\/wp-content\/uploads\/2019\/03\/IMG_2206-640x640.jpg 640w, https:\/\/latelierdelaluciole.fr\/wp-content\/uploads\/2019\/03\/IMG_2206.jpg 1936w\" sizes=\"auto, (max-width: 1024px) 100vw, 1024px\" \/><\/a><\/figure><\/li><li class=\"blocks-gallery-item\"><figure><a href=\"https:\/\/latelierdelaluciole.fr\/wp-content\/uploads\/2019\/03\/IMG_3285-e1552572358502.jpg\" data-src=\"https:\/\/latelierdelaluciole.fr\/wp-content\/uploads\/2019\/03\/IMG_3285-e1552572358502.jpg\" data-thumb=\"https:\/\/latelierdelaluciole.fr\/wp-content\/uploads\/2019\/03\/IMG_3285-e1552572358502-1024x765.jpg\" class=\"ml-lightbox-enabled\"><img loading=\"lazy\" decoding=\"async\" width=\"1024\" height=\"765\" src=\"https:\/\/latelierdelaluciole.fr\/wp-content\/uploads\/2019\/03\/IMG_3285-e1552572358502-1024x765.jpg\" alt=\"\" data-id=\"111\" data-link=\"https:\/\/latelierdelaluciole.fr\/index.php\/a-quatre-mains-a-six-mains-en-famille\/img_3285\/\" class=\"wp-image-111\" srcset=\"https:\/\/latelierdelaluciole.fr\/wp-content\/uploads\/2019\/03\/IMG_3285-e1552572358502-1024x765.jpg 1024w, https:\/\/latelierdelaluciole.fr\/wp-content\/uploads\/2019\/03\/IMG_3285-e1552572358502-300x224.jpg 300w, https:\/\/latelierdelaluciole.fr\/wp-content\/uploads\/2019\/03\/IMG_3285-e1552572358502-768x574.jpg 768w\" sizes=\"auto, (max-width: 1024px) 100vw, 1024px\" \/><\/a><\/figure><\/li><\/ul>\n\n\n\n<figure class=\"wp-block-image alignwide\"><img loading=\"lazy\" decoding=\"async\" width=\"681\" height=\"1024\" src=\"https:\/\/latelierdelaluciole.fr\/wp-content\/uploads\/2019\/06\/DSC9813-681x1024.jpg\" alt=\"\" class=\"wp-image-256\" srcset=\"https:\/\/latelierdelaluciole.fr\/wp-content\/uploads\/2019\/06\/DSC9813-681x1024.jpg 681w, https:\/\/latelierdelaluciole.fr\/wp-content\/uploads\/2019\/06\/DSC9813-200x300.jpg 200w, https:\/\/latelierdelaluciole.fr\/wp-content\/uploads\/2019\/06\/DSC9813-768x1154.jpg 768w\" sizes=\"auto, (max-width: 681px) 100vw, 681px\" \/><figcaption>Travail collectif, un p\u00e8re et ses filles.<\/figcaption><\/figure>\n","protected":false},"excerpt":{"rendered":"<p>\u00c0 chaque vacances je propose des ateliers d\u2019expression artistique. De petits stages de deux apr\u00e8s-midi o\u00f9 l\u2019on pratique les Arts Plastiques en Famille ! Objets en terre ou en papier m\u00e2ch\u00e9, dessin en linogravure ou \u00e0 l\u2019aquarelle&#8230; chaque &hellip; <\/p>\n<div class=\"more-link-wrapper\"><a href=\"https:\/\/latelierdelaluciole.fr\/index.php\/a-quatre-mains-a-six-mains-en-famille\/\" class=\"more-link\">Continue reading<span class=\"screen-reader-text\"> \u00ab\u00a0En famille!\u00a0\u00bb<\/span><\/a><\/div>\n","protected":false},"author":1,"featured_media":0,"parent":0,"menu_order":0,"comment_status":"closed","ping_status":"closed","template":"","meta":{"footnotes":""},"class_list":["post-12","page","type-page","status-publish","hentry"],"yoast_head":"<!-- This site is optimized with the Yoast SEO plugin v27.3 - https:\/\/yoast.com\/product\/yoast-seo-wordpress\/ -->\n<title>En famille! - L&#039;atelier de la luciole-Lucia Diaz<\/title>\n<meta name=\"robots\" content=\"index, follow, max-snippet:-1, max-image-preview:large, max-video-preview:-1\" \/>\n<link rel=\"canonical\" href=\"https:\/\/latelierdelaluciole.fr\/index.php\/a-quatre-mains-a-six-mains-en-famille\/\" \/>\n<meta property=\"og:locale\" content=\"fr_FR\" \/>\n<meta property=\"og:type\" content=\"article\" \/>\n<meta property=\"og:title\" content=\"En famille! - L&#039;atelier de la luciole-Lucia Diaz\" \/>\n<meta property=\"og:description\" content=\"\u00c0 chaque vacances je propose des ateliers d\u2019expression artistique. De petits stages de deux apr\u00e8s-midi o\u00f9 l\u2019on pratique les Arts Plastiques en Famille ! Objets en terre ou en papier m\u00e2ch\u00e9, dessin en linogravure ou \u00e0 l\u2019aquarelle&#8230; chaque &hellip; Continue reading &quot;En famille!&quot;\" \/>\n<meta property=\"og:url\" content=\"https:\/\/latelierdelaluciole.fr\/index.php\/a-quatre-mains-a-six-mains-en-famille\/\" \/>\n<meta property=\"og:site_name\" content=\"L&#039;atelier de la luciole-Lucia Diaz\" \/>\n<meta property=\"article:modified_time\" content=\"2021-04-25T12:44:36+00:00\" \/>\n<meta property=\"og:image\" content=\"http:\/\/latelierdelaluciole.fr\/wp-content\/uploads\/2019\/03\/IMG_2206-1024x1024.jpg\" \/>\n<meta name=\"twitter:card\" content=\"summary_large_image\" \/>\n<script type=\"application\/ld+json\" class=\"yoast-schema-graph\">{\"@context\":\"https:\\\/\\\/schema.org\",\"@graph\":[{\"@type\":\"WebPage\",\"@id\":\"https:\\\/\\\/latelierdelaluciole.fr\\\/index.php\\\/a-quatre-mains-a-six-mains-en-famille\\\/\",\"url\":\"https:\\\/\\\/latelierdelaluciole.fr\\\/index.php\\\/a-quatre-mains-a-six-mains-en-famille\\\/\",\"name\":\"En famille! - L&#039;atelier de la luciole-Lucia Diaz\",\"isPartOf\":{\"@id\":\"https:\\\/\\\/latelierdelaluciole.fr\\\/#website\"},\"primaryImageOfPage\":{\"@id\":\"https:\\\/\\\/latelierdelaluciole.fr\\\/index.php\\\/a-quatre-mains-a-six-mains-en-famille\\\/#primaryimage\"},\"image\":{\"@id\":\"https:\\\/\\\/latelierdelaluciole.fr\\\/index.php\\\/a-quatre-mains-a-six-mains-en-famille\\\/#primaryimage\"},\"thumbnailUrl\":\"http:\\\/\\\/latelierdelaluciole.fr\\\/wp-content\\\/uploads\\\/2019\\\/03\\\/IMG_2206-1024x1024.jpg\",\"datePublished\":\"2019-03-12T19:33:18+00:00\",\"dateModified\":\"2021-04-25T12:44:36+00:00\",\"breadcrumb\":{\"@id\":\"https:\\\/\\\/latelierdelaluciole.fr\\\/index.php\\\/a-quatre-mains-a-six-mains-en-famille\\\/#breadcrumb\"},\"inLanguage\":\"fr-FR\",\"potentialAction\":[{\"@type\":\"ReadAction\",\"target\":[\"https:\\\/\\\/latelierdelaluciole.fr\\\/index.php\\\/a-quatre-mains-a-six-mains-en-famille\\\/\"]}]},{\"@type\":\"ImageObject\",\"inLanguage\":\"fr-FR\",\"@id\":\"https:\\\/\\\/latelierdelaluciole.fr\\\/index.php\\\/a-quatre-mains-a-six-mains-en-famille\\\/#primaryimage\",\"url\":\"http:\\\/\\\/latelierdelaluciole.fr\\\/wp-content\\\/uploads\\\/2019\\\/03\\\/IMG_2206-1024x1024.jpg\",\"contentUrl\":\"http:\\\/\\\/latelierdelaluciole.fr\\\/wp-content\\\/uploads\\\/2019\\\/03\\\/IMG_2206-1024x1024.jpg\"},{\"@type\":\"BreadcrumbList\",\"@id\":\"https:\\\/\\\/latelierdelaluciole.fr\\\/index.php\\\/a-quatre-mains-a-six-mains-en-famille\\\/#breadcrumb\",\"itemListElement\":[{\"@type\":\"ListItem\",\"position\":1,\"name\":\"Accueil\",\"item\":\"https:\\\/\\\/latelierdelaluciole.fr\\\/\"},{\"@type\":\"ListItem\",\"position\":2,\"name\":\"En famille!\"}]},{\"@type\":\"WebSite\",\"@id\":\"https:\\\/\\\/latelierdelaluciole.fr\\\/#website\",\"url\":\"https:\\\/\\\/latelierdelaluciole.fr\\\/\",\"name\":\"L&#039;atelier de la luciole-Lucia Diaz\",\"description\":\"\",\"potentialAction\":[{\"@type\":\"SearchAction\",\"target\":{\"@type\":\"EntryPoint\",\"urlTemplate\":\"https:\\\/\\\/latelierdelaluciole.fr\\\/?s={search_term_string}\"},\"query-input\":{\"@type\":\"PropertyValueSpecification\",\"valueRequired\":true,\"valueName\":\"search_term_string\"}}],\"inLanguage\":\"fr-FR\"}]}<\/script>\n<!-- \/ Yoast SEO plugin. -->","yoast_head_json":{"title":"En famille! - L&#039;atelier de la luciole-Lucia Diaz","robots":{"index":"index","follow":"follow","max-snippet":"max-snippet:-1","max-image-preview":"max-image-preview:large","max-video-preview":"max-video-preview:-1"},"canonical":"https:\/\/latelierdelaluciole.fr\/index.php\/a-quatre-mains-a-six-mains-en-famille\/","og_locale":"fr_FR","og_type":"article","og_title":"En famille! - L&#039;atelier de la luciole-Lucia Diaz","og_description":"\u00c0 chaque vacances je propose des ateliers d\u2019expression artistique. De petits stages de deux apr\u00e8s-midi o\u00f9 l\u2019on pratique les Arts Plastiques en Famille ! Objets en terre ou en papier m\u00e2ch\u00e9, dessin en linogravure ou \u00e0 l\u2019aquarelle&#8230; chaque &hellip; Continue reading \"En famille!\"","og_url":"https:\/\/latelierdelaluciole.fr\/index.php\/a-quatre-mains-a-six-mains-en-famille\/","og_site_name":"L&#039;atelier de la luciole-Lucia Diaz","article_modified_time":"2021-04-25T12:44:36+00:00","og_image":[{"url":"http:\/\/latelierdelaluciole.fr\/wp-content\/uploads\/2019\/03\/IMG_2206-1024x1024.jpg","type":"","width":"","height":""}],"twitter_card":"summary_large_image","schema":{"@context":"https:\/\/schema.org","@graph":[{"@type":"WebPage","@id":"https:\/\/latelierdelaluciole.fr\/index.php\/a-quatre-mains-a-six-mains-en-famille\/","url":"https:\/\/latelierdelaluciole.fr\/index.php\/a-quatre-mains-a-six-mains-en-famille\/","name":"En famille! - L&#039;atelier de la luciole-Lucia Diaz","isPartOf":{"@id":"https:\/\/latelierdelaluciole.fr\/#website"},"primaryImageOfPage":{"@id":"https:\/\/latelierdelaluciole.fr\/index.php\/a-quatre-mains-a-six-mains-en-famille\/#primaryimage"},"image":{"@id":"https:\/\/latelierdelaluciole.fr\/index.php\/a-quatre-mains-a-six-mains-en-famille\/#primaryimage"},"thumbnailUrl":"http:\/\/latelierdelaluciole.fr\/wp-content\/uploads\/2019\/03\/IMG_2206-1024x1024.jpg","datePublished":"2019-03-12T19:33:18+00:00","dateModified":"2021-04-25T12:44:36+00:00","breadcrumb":{"@id":"https:\/\/latelierdelaluciole.fr\/index.php\/a-quatre-mains-a-six-mains-en-famille\/#breadcrumb"},"inLanguage":"fr-FR","potentialAction":[{"@type":"ReadAction","target":["https:\/\/latelierdelaluciole.fr\/index.php\/a-quatre-mains-a-six-mains-en-famille\/"]}]},{"@type":"ImageObject","inLanguage":"fr-FR","@id":"https:\/\/latelierdelaluciole.fr\/index.php\/a-quatre-mains-a-six-mains-en-famille\/#primaryimage","url":"http:\/\/latelierdelaluciole.fr\/wp-content\/uploads\/2019\/03\/IMG_2206-1024x1024.jpg","contentUrl":"http:\/\/latelierdelaluciole.fr\/wp-content\/uploads\/2019\/03\/IMG_2206-1024x1024.jpg"},{"@type":"BreadcrumbList","@id":"https:\/\/latelierdelaluciole.fr\/index.php\/a-quatre-mains-a-six-mains-en-famille\/#breadcrumb","itemListElement":[{"@type":"ListItem","position":1,"name":"Accueil","item":"https:\/\/latelierdelaluciole.fr\/"},{"@type":"ListItem","position":2,"name":"En famille!"}]},{"@type":"WebSite","@id":"https:\/\/latelierdelaluciole.fr\/#website","url":"https:\/\/latelierdelaluciole.fr\/","name":"L&#039;atelier de la luciole-Lucia Diaz","description":"","potentialAction":[{"@type":"SearchAction","target":{"@type":"EntryPoint","urlTemplate":"https:\/\/latelierdelaluciole.fr\/?s={search_term_string}"},"query-input":{"@type":"PropertyValueSpecification","valueRequired":true,"valueName":"search_term_string"}}],"inLanguage":"fr-FR"}]}},"_links":{"self":[{"href":"https:\/\/latelierdelaluciole.fr\/index.php\/wp-json\/wp\/v2\/pages\/12","targetHints":{"allow":["GET"]}}],"collection":[{"href":"https:\/\/latelierdelaluciole.fr\/index.php\/wp-json\/wp\/v2\/pages"}],"about":[{"href":"https:\/\/latelierdelaluciole.fr\/index.php\/wp-json\/wp\/v2\/types\/page"}],"author":[{"embeddable":true,"href":"https:\/\/latelierdelaluciole.fr\/index.php\/wp-json\/wp\/v2\/users\/1"}],"replies":[{"embeddable":true,"href":"https:\/\/latelierdelaluciole.fr\/index.php\/wp-json\/wp\/v2\/comments?post=12"}],"version-history":[{"count":8,"href":"https:\/\/latelierdelaluciole.fr\/index.php\/wp-json\/wp\/v2\/pages\/12\/revisions"}],"predecessor-version":[{"id":258,"href":"https:\/\/latelierdelaluciole.fr\/index.php\/wp-json\/wp\/v2\/pages\/12\/revisions\/258"}],"wp:attachment":[{"href":"https:\/\/latelierdelaluciole.fr\/index.php\/wp-json\/wp\/v2\/media?parent=12"}],"curies":[{"name":"wp","href":"https:\/\/api.w.org\/{rel}","templated":true}]}}