{"id":105,"date":"2019-03-14T15:02:13","date_gmt":"2019-03-14T14:02:13","guid":{"rendered":"http:\/\/latelierdelaluciole.fr\/?page_id=105"},"modified":"2022-02-03T18:19:15","modified_gmt":"2022-02-03T17:19:15","slug":"agenda-des-stages","status":"publish","type":"page","link":"https:\/\/latelierdelaluciole.fr\/index.php\/agenda-des-stages\/","title":{"rendered":"Agenda des stages"},"content":{"rendered":"\n<p><strong>Ateliers d&rsquo;expression cr\u00e9atrice en famille:<\/strong><\/p>\n\n\n\n<ul class=\"wp-block-list\"><li>Pour l&rsquo;instant, pas de dates de pr\u00e9vues mais je peux prendre en compte vos demandes particuli\u00e8res.<\/li><\/ul>\n\n\n\n<p id=\"stage-a-la-carte-adultes\"><strong>Cours \u00e0 la carte adultes:<\/strong><\/p>\n\n\n\n<ul class=\"wp-block-list\"><li>Pour vous initier au modelage \u00e0 la plaque ou aux colombins, finir en enfumage ou en raku, nous d\u00e9finissons ensemble comment je peux vous accompagner au mieux. Les horaires sont \u00e0 voir ensemble en semaine. 25 euros les 2h30.<\/li><\/ul>\n\n\n\n<p><strong>Stage terre polie enfum\u00e9e:<\/strong><\/p>\n\n\n\n<ul class=\"wp-block-list\"><li>Deux jours de modelage, cr\u00e9ation, polissage puis un jour d&rsquo;enfumage. 6 participants minimum. Dates \u00e0 pr\u00e9voir ensemble entre juin et septembre. 200 euros par personne 3x7h.<\/li><\/ul>\n\n\n\n<figure class=\"wp-block-gallery has-nested-images columns-default is-cropped wp-block-gallery-1 is-layout-flex wp-block-gallery-is-layout-flex\">\n<figure class=\"wp-block-image\"><a href=\"https:\/\/latelierdelaluciole.fr\/wp-content\/uploads\/2019\/03\/Flyers-fev-p1-.jpg\"><img loading=\"lazy\" decoding=\"async\" width=\"679\" height=\"933\" data-id=\"188\" src=\"https:\/\/latelierdelaluciole.fr\/wp-content\/uploads\/2019\/03\/Flyers-fev-p1-.jpg\" alt=\"\" class=\"wp-image-188\" srcset=\"https:\/\/latelierdelaluciole.fr\/wp-content\/uploads\/2019\/03\/Flyers-fev-p1-.jpg 679w, https:\/\/latelierdelaluciole.fr\/wp-content\/uploads\/2019\/03\/Flyers-fev-p1--218x300.jpg 218w\" sizes=\"auto, (max-width: 679px) 100vw, 679px\" \/><\/a><\/figure>\n<\/figure>\n","protected":false},"excerpt":{"rendered":"<p>Ateliers d&rsquo;expression cr\u00e9atrice en famille: Pour l&rsquo;instant, pas de dates de pr\u00e9vues mais je peux prendre en compte vos demandes particuli\u00e8res. Cours \u00e0 la carte adultes: Pour vous initier au modelage \u00e0 la plaque ou aux colombins, finir &hellip; <\/p>\n<div class=\"more-link-wrapper\"><a href=\"https:\/\/latelierdelaluciole.fr\/index.php\/agenda-des-stages\/\" class=\"more-link\">Continue reading<span class=\"screen-reader-text\"> \u00ab\u00a0Agenda des stages\u00a0\u00bb<\/span><\/a><\/div>\n","protected":false},"author":1,"featured_media":0,"parent":0,"menu_order":0,"comment_status":"closed","ping_status":"closed","template":"","meta":{"footnotes":""},"class_list":["post-105","page","type-page","status-publish","hentry"],"yoast_head":"<!-- This site is optimized with the Yoast SEO plugin v27.3 - https:\/\/yoast.com\/product\/yoast-seo-wordpress\/ -->\n<title>Agenda des stages - L&#039;atelier de la luciole-Lucia Diaz<\/title>\n<meta name=\"robots\" content=\"index, follow, max-snippet:-1, max-image-preview:large, max-video-preview:-1\" \/>\n<link rel=\"canonical\" href=\"https:\/\/latelierdelaluciole.fr\/index.php\/agenda-des-stages\/\" \/>\n<meta property=\"og:locale\" content=\"fr_FR\" \/>\n<meta property=\"og:type\" content=\"article\" \/>\n<meta property=\"og:title\" content=\"Agenda des stages - L&#039;atelier de la luciole-Lucia Diaz\" \/>\n<meta property=\"og:description\" content=\"Ateliers d&rsquo;expression cr\u00e9atrice en famille: Pour l&rsquo;instant, pas de dates de pr\u00e9vues mais je peux prendre en compte vos demandes particuli\u00e8res. Cours \u00e0 la carte adultes: Pour vous initier au modelage \u00e0 la plaque ou aux colombins, finir &hellip; Continue reading &quot;Agenda des stages&quot;\" \/>\n<meta property=\"og:url\" content=\"https:\/\/latelierdelaluciole.fr\/index.php\/agenda-des-stages\/\" \/>\n<meta property=\"og:site_name\" content=\"L&#039;atelier de la luciole-Lucia Diaz\" \/>\n<meta property=\"article:modified_time\" content=\"2022-02-03T17:19:15+00:00\" \/>\n<meta property=\"og:image\" content=\"http:\/\/latelierdelaluciole.fr\/wp-content\/uploads\/2019\/03\/Flyers-fev-p1-.jpg\" \/>\n<meta name=\"twitter:card\" content=\"summary_large_image\" \/>\n<meta name=\"twitter:label1\" content=\"Dur\u00e9e de lecture estim\u00e9e\" \/>\n\t<meta name=\"twitter:data1\" content=\"1 minute\" \/>\n<script type=\"application\/ld+json\" class=\"yoast-schema-graph\">{\"@context\":\"https:\\\/\\\/schema.org\",\"@graph\":[{\"@type\":\"WebPage\",\"@id\":\"https:\\\/\\\/latelierdelaluciole.fr\\\/index.php\\\/agenda-des-stages\\\/\",\"url\":\"https:\\\/\\\/latelierdelaluciole.fr\\\/index.php\\\/agenda-des-stages\\\/\",\"name\":\"Agenda des stages - L&#039;atelier de la luciole-Lucia Diaz\",\"isPartOf\":{\"@id\":\"https:\\\/\\\/latelierdelaluciole.fr\\\/#website\"},\"primaryImageOfPage\":{\"@id\":\"https:\\\/\\\/latelierdelaluciole.fr\\\/index.php\\\/agenda-des-stages\\\/#primaryimage\"},\"image\":{\"@id\":\"https:\\\/\\\/latelierdelaluciole.fr\\\/index.php\\\/agenda-des-stages\\\/#primaryimage\"},\"thumbnailUrl\":\"http:\\\/\\\/latelierdelaluciole.fr\\\/wp-content\\\/uploads\\\/2019\\\/03\\\/Flyers-fev-p1-.jpg\",\"datePublished\":\"2019-03-14T14:02:13+00:00\",\"dateModified\":\"2022-02-03T17:19:15+00:00\",\"breadcrumb\":{\"@id\":\"https:\\\/\\\/latelierdelaluciole.fr\\\/index.php\\\/agenda-des-stages\\\/#breadcrumb\"},\"inLanguage\":\"fr-FR\",\"potentialAction\":[{\"@type\":\"ReadAction\",\"target\":[\"https:\\\/\\\/latelierdelaluciole.fr\\\/index.php\\\/agenda-des-stages\\\/\"]}]},{\"@type\":\"ImageObject\",\"inLanguage\":\"fr-FR\",\"@id\":\"https:\\\/\\\/latelierdelaluciole.fr\\\/index.php\\\/agenda-des-stages\\\/#primaryimage\",\"url\":\"http:\\\/\\\/latelierdelaluciole.fr\\\/wp-content\\\/uploads\\\/2019\\\/03\\\/Flyers-fev-p1-.jpg\",\"contentUrl\":\"http:\\\/\\\/latelierdelaluciole.fr\\\/wp-content\\\/uploads\\\/2019\\\/03\\\/Flyers-fev-p1-.jpg\"},{\"@type\":\"BreadcrumbList\",\"@id\":\"https:\\\/\\\/latelierdelaluciole.fr\\\/index.php\\\/agenda-des-stages\\\/#breadcrumb\",\"itemListElement\":[{\"@type\":\"ListItem\",\"position\":1,\"name\":\"Accueil\",\"item\":\"https:\\\/\\\/latelierdelaluciole.fr\\\/\"},{\"@type\":\"ListItem\",\"position\":2,\"name\":\"Agenda des stages\"}]},{\"@type\":\"WebSite\",\"@id\":\"https:\\\/\\\/latelierdelaluciole.fr\\\/#website\",\"url\":\"https:\\\/\\\/latelierdelaluciole.fr\\\/\",\"name\":\"L&#039;atelier de la luciole-Lucia Diaz\",\"description\":\"\",\"potentialAction\":[{\"@type\":\"SearchAction\",\"target\":{\"@type\":\"EntryPoint\",\"urlTemplate\":\"https:\\\/\\\/latelierdelaluciole.fr\\\/?s={search_term_string}\"},\"query-input\":{\"@type\":\"PropertyValueSpecification\",\"valueRequired\":true,\"valueName\":\"search_term_string\"}}],\"inLanguage\":\"fr-FR\"}]}<\/script>\n<!-- \/ Yoast SEO plugin. -->","yoast_head_json":{"title":"Agenda des stages - L&#039;atelier de la luciole-Lucia Diaz","robots":{"index":"index","follow":"follow","max-snippet":"max-snippet:-1","max-image-preview":"max-image-preview:large","max-video-preview":"max-video-preview:-1"},"canonical":"https:\/\/latelierdelaluciole.fr\/index.php\/agenda-des-stages\/","og_locale":"fr_FR","og_type":"article","og_title":"Agenda des stages - L&#039;atelier de la luciole-Lucia Diaz","og_description":"Ateliers d&rsquo;expression cr\u00e9atrice en famille: Pour l&rsquo;instant, pas de dates de pr\u00e9vues mais je peux prendre en compte vos demandes particuli\u00e8res. Cours \u00e0 la carte adultes: Pour vous initier au modelage \u00e0 la plaque ou aux colombins, finir &hellip; Continue reading \"Agenda des stages\"","og_url":"https:\/\/latelierdelaluciole.fr\/index.php\/agenda-des-stages\/","og_site_name":"L&#039;atelier de la luciole-Lucia Diaz","article_modified_time":"2022-02-03T17:19:15+00:00","og_image":[{"url":"http:\/\/latelierdelaluciole.fr\/wp-content\/uploads\/2019\/03\/Flyers-fev-p1-.jpg","type":"","width":"","height":""}],"twitter_card":"summary_large_image","twitter_misc":{"Dur\u00e9e de lecture estim\u00e9e":"1 minute"},"schema":{"@context":"https:\/\/schema.org","@graph":[{"@type":"WebPage","@id":"https:\/\/latelierdelaluciole.fr\/index.php\/agenda-des-stages\/","url":"https:\/\/latelierdelaluciole.fr\/index.php\/agenda-des-stages\/","name":"Agenda des stages - L&#039;atelier de la luciole-Lucia Diaz","isPartOf":{"@id":"https:\/\/latelierdelaluciole.fr\/#website"},"primaryImageOfPage":{"@id":"https:\/\/latelierdelaluciole.fr\/index.php\/agenda-des-stages\/#primaryimage"},"image":{"@id":"https:\/\/latelierdelaluciole.fr\/index.php\/agenda-des-stages\/#primaryimage"},"thumbnailUrl":"http:\/\/latelierdelaluciole.fr\/wp-content\/uploads\/2019\/03\/Flyers-fev-p1-.jpg","datePublished":"2019-03-14T14:02:13+00:00","dateModified":"2022-02-03T17:19:15+00:00","breadcrumb":{"@id":"https:\/\/latelierdelaluciole.fr\/index.php\/agenda-des-stages\/#breadcrumb"},"inLanguage":"fr-FR","potentialAction":[{"@type":"ReadAction","target":["https:\/\/latelierdelaluciole.fr\/index.php\/agenda-des-stages\/"]}]},{"@type":"ImageObject","inLanguage":"fr-FR","@id":"https:\/\/latelierdelaluciole.fr\/index.php\/agenda-des-stages\/#primaryimage","url":"http:\/\/latelierdelaluciole.fr\/wp-content\/uploads\/2019\/03\/Flyers-fev-p1-.jpg","contentUrl":"http:\/\/latelierdelaluciole.fr\/wp-content\/uploads\/2019\/03\/Flyers-fev-p1-.jpg"},{"@type":"BreadcrumbList","@id":"https:\/\/latelierdelaluciole.fr\/index.php\/agenda-des-stages\/#breadcrumb","itemListElement":[{"@type":"ListItem","position":1,"name":"Accueil","item":"https:\/\/latelierdelaluciole.fr\/"},{"@type":"ListItem","position":2,"name":"Agenda des stages"}]},{"@type":"WebSite","@id":"https:\/\/latelierdelaluciole.fr\/#website","url":"https:\/\/latelierdelaluciole.fr\/","name":"L&#039;atelier de la luciole-Lucia Diaz","description":"","potentialAction":[{"@type":"SearchAction","target":{"@type":"EntryPoint","urlTemplate":"https:\/\/latelierdelaluciole.fr\/?s={search_term_string}"},"query-input":{"@type":"PropertyValueSpecification","valueRequired":true,"valueName":"search_term_string"}}],"inLanguage":"fr-FR"}]}},"_links":{"self":[{"href":"https:\/\/latelierdelaluciole.fr\/index.php\/wp-json\/wp\/v2\/pages\/105","targetHints":{"allow":["GET"]}}],"collection":[{"href":"https:\/\/latelierdelaluciole.fr\/index.php\/wp-json\/wp\/v2\/pages"}],"about":[{"href":"https:\/\/latelierdelaluciole.fr\/index.php\/wp-json\/wp\/v2\/types\/page"}],"author":[{"embeddable":true,"href":"https:\/\/latelierdelaluciole.fr\/index.php\/wp-json\/wp\/v2\/users\/1"}],"replies":[{"embeddable":true,"href":"https:\/\/latelierdelaluciole.fr\/index.php\/wp-json\/wp\/v2\/comments?post=105"}],"version-history":[{"count":10,"href":"https:\/\/latelierdelaluciole.fr\/index.php\/wp-json\/wp\/v2\/pages\/105\/revisions"}],"predecessor-version":[{"id":355,"href":"https:\/\/latelierdelaluciole.fr\/index.php\/wp-json\/wp\/v2\/pages\/105\/revisions\/355"}],"wp:attachment":[{"href":"https:\/\/latelierdelaluciole.fr\/index.php\/wp-json\/wp\/v2\/media?parent=105"}],"curies":[{"name":"wp","href":"https:\/\/api.w.org\/{rel}","templated":true}]}}