{"id":10,"date":"2019-03-12T20:32:47","date_gmt":"2019-03-12T19:32:47","guid":{"rendered":"http:\/\/latelierdelaluciole.fr\/?page_id=10"},"modified":"2021-04-25T14:44:36","modified_gmt":"2021-04-25T12:44:36","slug":"raku","status":"publish","type":"page","link":"https:\/\/latelierdelaluciole.fr\/index.php\/raku\/","title":{"rendered":"Raku"},"content":{"rendered":"\n<p>Le raku (japonais : \u697d\u713c rakuyaki) est le r\u00e9sultat d\u2019une technique d\u2019\u00e9maillage d\u2019origine cor\u00e9enne qui s\u2019est d\u00e9velopp\u00e9e dans le Japon du XVIe si\u00e8cle. Il est li\u00e9 essentiellement \u00e0 la fabrication de bols pour la c\u00e9r\u00e9monie du th\u00e9.<\/p>\n\n\n\n<p>Pour ma part, j&rsquo;aime travailler l&rsquo;\u00e9mail en le grattant et le superposant sur des touches de couleurs ou des reliefs dans la mati\u00e8re. Une autre technique, le raku nu, me permet de travailler le dessin au trait, imprim\u00e9 par le feu, sur mes poteries.<\/p>\n\n\n\n<p><\/p>\n\n\n\n<ul class=\"wp-block-gallery columns-2 is-cropped wp-block-gallery-1 is-layout-flex wp-block-gallery-is-layout-flex\"><li class=\"blocks-gallery-item\"><figure><img loading=\"lazy\" decoding=\"async\" width=\"1024\" height=\"681\" src=\"https:\/\/latelierdelaluciole.fr\/wp-content\/uploads\/2019\/06\/DSC9840-1024x681.jpg\" alt=\"\" data-id=\"213\" data-link=\"https:\/\/latelierdelaluciole.fr\/index.php\/raku\/dsc9840\/\" class=\"wp-image-213\" srcset=\"https:\/\/latelierdelaluciole.fr\/wp-content\/uploads\/2019\/06\/DSC9840-1024x681.jpg 1024w, https:\/\/latelierdelaluciole.fr\/wp-content\/uploads\/2019\/06\/DSC9840-300x200.jpg 300w, https:\/\/latelierdelaluciole.fr\/wp-content\/uploads\/2019\/06\/DSC9840-768x511.jpg 768w\" sizes=\"auto, (max-width: 1024px) 100vw, 1024px\" \/><\/figure><\/li><li class=\"blocks-gallery-item\"><figure><img loading=\"lazy\" decoding=\"async\" width=\"1024\" height=\"688\" src=\"https:\/\/latelierdelaluciole.fr\/wp-content\/uploads\/2019\/06\/DSC9843-1024x688.jpg\" alt=\"\" data-id=\"215\" data-link=\"https:\/\/latelierdelaluciole.fr\/index.php\/raku\/dsc9843\/\" class=\"wp-image-215\" srcset=\"https:\/\/latelierdelaluciole.fr\/wp-content\/uploads\/2019\/06\/DSC9843-1024x688.jpg 1024w, https:\/\/latelierdelaluciole.fr\/wp-content\/uploads\/2019\/06\/DSC9843-300x201.jpg 300w, https:\/\/latelierdelaluciole.fr\/wp-content\/uploads\/2019\/06\/DSC9843-768x516.jpg 768w\" sizes=\"auto, (max-width: 1024px) 100vw, 1024px\" \/><\/figure><\/li><\/ul>\n\n\n\n<ul class=\"wp-block-gallery aligncenter columns-1 is-cropped wp-block-gallery-2 is-layout-flex wp-block-gallery-is-layout-flex\"><li class=\"blocks-gallery-item\"><figure><img loading=\"lazy\" decoding=\"async\" width=\"1024\" height=\"683\" src=\"https:\/\/latelierdelaluciole.fr\/wp-content\/uploads\/2019\/03\/P1090840-1024x683.jpg\" alt=\"\" data-id=\"96\" data-link=\"https:\/\/latelierdelaluciole.fr\/index.php\/raku\/p1090840\/\" class=\"wp-image-96\" srcset=\"https:\/\/latelierdelaluciole.fr\/wp-content\/uploads\/2019\/03\/P1090840-1024x683.jpg 1024w, https:\/\/latelierdelaluciole.fr\/wp-content\/uploads\/2019\/03\/P1090840-300x200.jpg 300w, https:\/\/latelierdelaluciole.fr\/wp-content\/uploads\/2019\/03\/P1090840-768x512.jpg 768w, https:\/\/latelierdelaluciole.fr\/wp-content\/uploads\/2019\/03\/P1090840-1800x1200.jpg 1800w, https:\/\/latelierdelaluciole.fr\/wp-content\/uploads\/2019\/03\/P1090840-1200x800.jpg 1200w\" sizes=\"auto, (max-width: 1024px) 100vw, 1024px\" \/><\/figure><\/li><li class=\"blocks-gallery-item\"><figure><img loading=\"lazy\" decoding=\"async\" width=\"1024\" height=\"1024\" src=\"https:\/\/latelierdelaluciole.fr\/wp-content\/uploads\/2019\/06\/DSC9861-1-1024x1024.jpg\" alt=\"\" data-id=\"218\" data-link=\"https:\/\/latelierdelaluciole.fr\/index.php\/raku\/dsc9861-1\/\" class=\"wp-image-218\" srcset=\"https:\/\/latelierdelaluciole.fr\/wp-content\/uploads\/2019\/06\/DSC9861-1-1024x1024.jpg 1024w, https:\/\/latelierdelaluciole.fr\/wp-content\/uploads\/2019\/06\/DSC9861-1-150x150.jpg 150w, https:\/\/latelierdelaluciole.fr\/wp-content\/uploads\/2019\/06\/DSC9861-1-300x300.jpg 300w, https:\/\/latelierdelaluciole.fr\/wp-content\/uploads\/2019\/06\/DSC9861-1-768x768.jpg 768w, https:\/\/latelierdelaluciole.fr\/wp-content\/uploads\/2019\/06\/DSC9861-1-640x640.jpg 640w\" sizes=\"auto, (max-width: 1024px) 100vw, 1024px\" \/><figcaption>Raku nu<\/figcaption><\/figure><\/li><\/ul>\n","protected":false},"excerpt":{"rendered":"<p>Le raku (japonais : \u697d\u713c rakuyaki) est le r\u00e9sultat d\u2019une technique d\u2019\u00e9maillage d\u2019origine cor\u00e9enne qui s\u2019est d\u00e9velopp\u00e9e dans le Japon du XVIe si\u00e8cle. Il est li\u00e9 essentiellement \u00e0 la fabrication de bols pour la c\u00e9r\u00e9monie du th\u00e9. Pour &hellip; <\/p>\n<div class=\"more-link-wrapper\"><a href=\"https:\/\/latelierdelaluciole.fr\/index.php\/raku\/\" class=\"more-link\">Continue reading<span class=\"screen-reader-text\"> \u00ab\u00a0Raku\u00a0\u00bb<\/span><\/a><\/div>\n","protected":false},"author":1,"featured_media":0,"parent":0,"menu_order":0,"comment_status":"closed","ping_status":"closed","template":"","meta":{"footnotes":""},"class_list":["post-10","page","type-page","status-publish","hentry"],"yoast_head":"<!-- This site is optimized with the Yoast SEO plugin v27.4 - https:\/\/yoast.com\/product\/yoast-seo-wordpress\/ -->\n<title>Raku - L&#039;atelier de la luciole-Lucia Diaz<\/title>\n<meta name=\"robots\" content=\"index, follow, max-snippet:-1, max-image-preview:large, max-video-preview:-1\" \/>\n<link rel=\"canonical\" href=\"https:\/\/latelierdelaluciole.fr\/index.php\/raku\/\" \/>\n<meta property=\"og:locale\" content=\"fr_FR\" \/>\n<meta property=\"og:type\" content=\"article\" \/>\n<meta property=\"og:title\" content=\"Raku - L&#039;atelier de la luciole-Lucia Diaz\" \/>\n<meta property=\"og:description\" content=\"Le raku (japonais : \u697d\u713c rakuyaki) est le r\u00e9sultat d\u2019une technique d\u2019\u00e9maillage d\u2019origine cor\u00e9enne qui s\u2019est d\u00e9velopp\u00e9e dans le Japon du XVIe si\u00e8cle. Il est li\u00e9 essentiellement \u00e0 la fabrication de bols pour la c\u00e9r\u00e9monie du th\u00e9. Pour &hellip; Continue reading &quot;Raku&quot;\" \/>\n<meta property=\"og:url\" content=\"https:\/\/latelierdelaluciole.fr\/index.php\/raku\/\" \/>\n<meta property=\"og:site_name\" content=\"L&#039;atelier de la luciole-Lucia Diaz\" \/>\n<meta property=\"article:modified_time\" content=\"2021-04-25T12:44:36+00:00\" \/>\n<meta property=\"og:image\" content=\"http:\/\/latelierdelaluciole.fr\/wp-content\/uploads\/2019\/06\/DSC9840-1024x681.jpg\" \/>\n<meta name=\"twitter:card\" content=\"summary_large_image\" \/>\n<script type=\"application\/ld+json\" class=\"yoast-schema-graph\">{\"@context\":\"https:\\\/\\\/schema.org\",\"@graph\":[{\"@type\":\"WebPage\",\"@id\":\"https:\\\/\\\/latelierdelaluciole.fr\\\/index.php\\\/raku\\\/\",\"url\":\"https:\\\/\\\/latelierdelaluciole.fr\\\/index.php\\\/raku\\\/\",\"name\":\"Raku - L&#039;atelier de la luciole-Lucia Diaz\",\"isPartOf\":{\"@id\":\"https:\\\/\\\/latelierdelaluciole.fr\\\/#website\"},\"primaryImageOfPage\":{\"@id\":\"https:\\\/\\\/latelierdelaluciole.fr\\\/index.php\\\/raku\\\/#primaryimage\"},\"image\":{\"@id\":\"https:\\\/\\\/latelierdelaluciole.fr\\\/index.php\\\/raku\\\/#primaryimage\"},\"thumbnailUrl\":\"http:\\\/\\\/latelierdelaluciole.fr\\\/wp-content\\\/uploads\\\/2019\\\/06\\\/DSC9840-1024x681.jpg\",\"datePublished\":\"2019-03-12T19:32:47+00:00\",\"dateModified\":\"2021-04-25T12:44:36+00:00\",\"breadcrumb\":{\"@id\":\"https:\\\/\\\/latelierdelaluciole.fr\\\/index.php\\\/raku\\\/#breadcrumb\"},\"inLanguage\":\"fr-FR\",\"potentialAction\":[{\"@type\":\"ReadAction\",\"target\":[\"https:\\\/\\\/latelierdelaluciole.fr\\\/index.php\\\/raku\\\/\"]}]},{\"@type\":\"ImageObject\",\"inLanguage\":\"fr-FR\",\"@id\":\"https:\\\/\\\/latelierdelaluciole.fr\\\/index.php\\\/raku\\\/#primaryimage\",\"url\":\"https:\\\/\\\/latelierdelaluciole.fr\\\/wp-content\\\/uploads\\\/2019\\\/06\\\/DSC9840.jpg\",\"contentUrl\":\"https:\\\/\\\/latelierdelaluciole.fr\\\/wp-content\\\/uploads\\\/2019\\\/06\\\/DSC9840.jpg\",\"width\":4256,\"height\":2832},{\"@type\":\"BreadcrumbList\",\"@id\":\"https:\\\/\\\/latelierdelaluciole.fr\\\/index.php\\\/raku\\\/#breadcrumb\",\"itemListElement\":[{\"@type\":\"ListItem\",\"position\":1,\"name\":\"Accueil\",\"item\":\"https:\\\/\\\/latelierdelaluciole.fr\\\/\"},{\"@type\":\"ListItem\",\"position\":2,\"name\":\"Raku\"}]},{\"@type\":\"WebSite\",\"@id\":\"https:\\\/\\\/latelierdelaluciole.fr\\\/#website\",\"url\":\"https:\\\/\\\/latelierdelaluciole.fr\\\/\",\"name\":\"L&#039;atelier de la luciole-Lucia Diaz\",\"description\":\"\",\"potentialAction\":[{\"@type\":\"SearchAction\",\"target\":{\"@type\":\"EntryPoint\",\"urlTemplate\":\"https:\\\/\\\/latelierdelaluciole.fr\\\/?s={search_term_string}\"},\"query-input\":{\"@type\":\"PropertyValueSpecification\",\"valueRequired\":true,\"valueName\":\"search_term_string\"}}],\"inLanguage\":\"fr-FR\"}]}<\/script>\n<!-- \/ Yoast SEO plugin. -->","yoast_head_json":{"title":"Raku - L&#039;atelier de la luciole-Lucia Diaz","robots":{"index":"index","follow":"follow","max-snippet":"max-snippet:-1","max-image-preview":"max-image-preview:large","max-video-preview":"max-video-preview:-1"},"canonical":"https:\/\/latelierdelaluciole.fr\/index.php\/raku\/","og_locale":"fr_FR","og_type":"article","og_title":"Raku - L&#039;atelier de la luciole-Lucia Diaz","og_description":"Le raku (japonais : \u697d\u713c rakuyaki) est le r\u00e9sultat d\u2019une technique d\u2019\u00e9maillage d\u2019origine cor\u00e9enne qui s\u2019est d\u00e9velopp\u00e9e dans le Japon du XVIe si\u00e8cle. Il est li\u00e9 essentiellement \u00e0 la fabrication de bols pour la c\u00e9r\u00e9monie du th\u00e9. Pour &hellip; Continue reading \"Raku\"","og_url":"https:\/\/latelierdelaluciole.fr\/index.php\/raku\/","og_site_name":"L&#039;atelier de la luciole-Lucia Diaz","article_modified_time":"2021-04-25T12:44:36+00:00","og_image":[{"url":"http:\/\/latelierdelaluciole.fr\/wp-content\/uploads\/2019\/06\/DSC9840-1024x681.jpg","type":"","width":"","height":""}],"twitter_card":"summary_large_image","schema":{"@context":"https:\/\/schema.org","@graph":[{"@type":"WebPage","@id":"https:\/\/latelierdelaluciole.fr\/index.php\/raku\/","url":"https:\/\/latelierdelaluciole.fr\/index.php\/raku\/","name":"Raku - L&#039;atelier de la luciole-Lucia Diaz","isPartOf":{"@id":"https:\/\/latelierdelaluciole.fr\/#website"},"primaryImageOfPage":{"@id":"https:\/\/latelierdelaluciole.fr\/index.php\/raku\/#primaryimage"},"image":{"@id":"https:\/\/latelierdelaluciole.fr\/index.php\/raku\/#primaryimage"},"thumbnailUrl":"http:\/\/latelierdelaluciole.fr\/wp-content\/uploads\/2019\/06\/DSC9840-1024x681.jpg","datePublished":"2019-03-12T19:32:47+00:00","dateModified":"2021-04-25T12:44:36+00:00","breadcrumb":{"@id":"https:\/\/latelierdelaluciole.fr\/index.php\/raku\/#breadcrumb"},"inLanguage":"fr-FR","potentialAction":[{"@type":"ReadAction","target":["https:\/\/latelierdelaluciole.fr\/index.php\/raku\/"]}]},{"@type":"ImageObject","inLanguage":"fr-FR","@id":"https:\/\/latelierdelaluciole.fr\/index.php\/raku\/#primaryimage","url":"https:\/\/latelierdelaluciole.fr\/wp-content\/uploads\/2019\/06\/DSC9840.jpg","contentUrl":"https:\/\/latelierdelaluciole.fr\/wp-content\/uploads\/2019\/06\/DSC9840.jpg","width":4256,"height":2832},{"@type":"BreadcrumbList","@id":"https:\/\/latelierdelaluciole.fr\/index.php\/raku\/#breadcrumb","itemListElement":[{"@type":"ListItem","position":1,"name":"Accueil","item":"https:\/\/latelierdelaluciole.fr\/"},{"@type":"ListItem","position":2,"name":"Raku"}]},{"@type":"WebSite","@id":"https:\/\/latelierdelaluciole.fr\/#website","url":"https:\/\/latelierdelaluciole.fr\/","name":"L&#039;atelier de la luciole-Lucia Diaz","description":"","potentialAction":[{"@type":"SearchAction","target":{"@type":"EntryPoint","urlTemplate":"https:\/\/latelierdelaluciole.fr\/?s={search_term_string}"},"query-input":{"@type":"PropertyValueSpecification","valueRequired":true,"valueName":"search_term_string"}}],"inLanguage":"fr-FR"}]}},"_links":{"self":[{"href":"https:\/\/latelierdelaluciole.fr\/index.php\/wp-json\/wp\/v2\/pages\/10","targetHints":{"allow":["GET"]}}],"collection":[{"href":"https:\/\/latelierdelaluciole.fr\/index.php\/wp-json\/wp\/v2\/pages"}],"about":[{"href":"https:\/\/latelierdelaluciole.fr\/index.php\/wp-json\/wp\/v2\/types\/page"}],"author":[{"embeddable":true,"href":"https:\/\/latelierdelaluciole.fr\/index.php\/wp-json\/wp\/v2\/users\/1"}],"replies":[{"embeddable":true,"href":"https:\/\/latelierdelaluciole.fr\/index.php\/wp-json\/wp\/v2\/comments?post=10"}],"version-history":[{"count":7,"href":"https:\/\/latelierdelaluciole.fr\/index.php\/wp-json\/wp\/v2\/pages\/10\/revisions"}],"predecessor-version":[{"id":234,"href":"https:\/\/latelierdelaluciole.fr\/index.php\/wp-json\/wp\/v2\/pages\/10\/revisions\/234"}],"wp:attachment":[{"href":"https:\/\/latelierdelaluciole.fr\/index.php\/wp-json\/wp\/v2\/media?parent=10"}],"curies":[{"name":"wp","href":"https:\/\/api.w.org\/{rel}","templated":true}]}}